Determine d(0).
28
Let z(a) = 27*a + 4. Determine z(-1).
-23
Let j(s) = s**3 - s**2 - s + 9. Calculate j(0).
9
Let r(a) = -a**2 - 16*a + 2. Calculate r(-11).
57
Let w(m) = m**3 - 4*m**2 + 2*m + 5. Calculate w(2).
1
Let p(b) = -b**3 + 4*b**2 - b - 1. What is p(4)?
-5
Let a(v) = -3*v + 14. Calculate a(0).
14
Let q(m) = -m + 2. Calculate q(10).
-8
Let h(t) = t**3 - 5*t**2 + 6*t - 9. What is h(5)?
21
Let w(l) = -3*l - 8. Calculate w(-8).
16
Let p(u) = u**2 - 14*u + 16. What is p(12)?
-8
Let f(d) = -3*d**3 - 2*d**2 + 1. Calculate f(-1).
2
Let g(y) = -y**3 + 10*y**2 + 9*y + 11. What is g(11)?
-11
Let s(k) = k**2 + 24*k - 17. Give s(-23).
-40
Let m(x) = 4*x + 24. Determine m(-7).
-4
Let y(z) = z**3 - 12*z**2 - 3*z + 30. What is y(12)?
-6
Let q(v) = -v**3 - 34*v**2 - v - 50. Give q(-34).
-16
Let i(j) = -4*j + 14. Give i(14).
-42
Let y(n) = -150*n - 156. What is y(-1)?
-6
Let m(i) = -i**3 - 9*i**2 - 5*i - 9. Determine m(-8).
-33
Let i(m) = -8*m - 3. Calculate i(-3).
21
Let i(b) = b**2 + 12*b - 21. Give i(-13).
-8
Let i(z) = z**3 + 29*z**2 - 29*z + 24. Calculate i(-30).
-6
Let s(d) = -2*d**2 - 17*d + 24. Calculate s(-9).
15
Let k(z) = 2*z - 24. Determine k(13).
2
Let g(n) = n**3 - 5*n**2 - 11*n + 22. Give g(8).
126
Let g(z) = 2*z**3 + 36*z**2 + 31*z - 38. What is g(-17)?
13
Let m(f) = f**2 - 4*f - 5. Calculate m(6).
7
Let m(w) = w**2 - 8*w + 15. What is m(7)?
8
Let c(n) = -n**3 - 7*n**2 + 3*n - 7. What is c(-8)?
33
Let q(c) = 7*c + 226. What is q(-35)?
-19
Let w(g) = -g**2 + 25*g + 233. Calculate w(32).
9
Let u(t) = -22*t + 156. Determine u(7).
2
Let a(z) = z**2 - 16*z + 45. Calculate a(6).
-15
Let c(k) = k**2 + 2*k + 3. What is c(4)?
27
Let q(u) = -u**2 + 3. What is q(-3)?
-6
Let h(s) = 7*s + 26. What is h(-5)?
-9
Let v(l) = l**3 - 4*l**2 - 3*l + 12. What is v(4)?
0
Let b(t) = -t - 18. Give b(-10).
-8
Let g(h) = 6*h + 69. What is g(-11)?
3
Let v(j) = -j + 17. What is v(8)?
9
Let u(n) = -n**3 - n**2 + 2*n + 7. Calculate u(0).
7
Let a(w) = 2*w - 1. Calculate a(3).
5
Let i(v) = v**2 - 11*v + 41. Give i(17).
143
Let c(t) = -t**2 + 11*t + 16. Calculate c(13).
-10
Let q(k) = -7*k - 36. Give q(9).
-99
Let t(j) = -j**3 - 23*j**2 - 75*j + 17. Give t(-19).
-2
Let r(c) = -2*c**2. Give r(1).
-2
Let l(w) = 13*w + 295. What is l(-22)?
9
Let s(v) = -v**3 + 8*v**2 - 9*v - 8. What is s(7)?
-22
Let u(m) = -15*m**3 - 2. What is u(-1)?
13
Let s(z) = 4*z**2 + 3*z - 9. Calculate s(-4).
43
Let w(k) = k - 10. Determine w(0).
-10
Let p(r) = -7*r**2 + 82*r + 17. Give p(12).
-7
Let g(f) = -2*f + 84. What is g(47)?
-10
Let n(x) = 4*x**2 - 19*x - 10. Determine n(5).
-5
Let j(i) = i**3 + 10*i**2 - 6*i + 21. Give j(-11).
-34
Let w(y) = -4*y**2 - 1. What is w(-2)?
-17
Let i(f) = 5*f + 201. Determine i(-39).
6
Let k(g) = g**2 + 10*g + 14. Determine k(-10).
14
Let y(v) = v**2 - 33*v + 214. Give y(24).
-2
Let r(p) = -p**3 + 13*p**2 + p + 9. What is r(13)?
22
Let s(l) = 2*l**2 + 8*l - 7. Give s(-5).
3
Let l(i) = -i**3 - 7*i**2 - 7*i - 12. Determine l(-6).
-6
Let n(a) = -4*a**2 + a + 4. Calculate n(2).
-10
Let a(m) = -m**2 - 12*m + 8. What is a(-13)?
-5
Let v(y) = -2*y**3 - 18*y**2 + 10*y + 7. Calculate v(-9).
-83
Let v(t) = -2*t**3 + 25*t**2 - 12*t - 13. Determine v(12).
-13
Let x(z) = z**2 - 5*z - 21. Calculate x(6).
-15
Let s(y) = -y**2 + y - 39. What is s(0)?
-39
Let w(n) = 7*n - 59. Determine w(10).
11
Let o(q) = q**2 - 3*q - 9. What is o(8)?
31
Let o(r) = -6*r**2 - 2*r - 4. What is o(2)?
-32
Let m(f) = -16*f + 37. What is m(3)?
-11
Let r(a) = -10*a**2 - a + 8. Calculate r(-3).
-79
Let i(g) = 33*g + 234. What is i(-7)?
3
Let s(w) = w**3 + w**2 - w - 4. What is s(-4)?
-48
Let o(r) = -8*r**3 + 4*r**2 + 5*r. Give o(-2).
70
Let x(w) = -12*w**2 - 4*w - 3. What is x(3)?
-123
Let h(r) = -2*r**3 - 12*r**2 - r - 15. Give h(-6).
-9
Let i(l) = -l**2 + 20*l - 79. Determine i(9).
20
Let z(j) = j**2 + 10*j + 2. Give z(-8).
-14
Let l(x) = -4*x**3 + 3*x**2 - x - 2. Calculate l(1).
-4
Let y(w) = 2*w + 17. Calculate y(-6).
5
Let z(c) = c**2 + 11*c - 9. Give z(-13).
17
Let a(p) = -p**2 + 38*p - 204. Determine a(32).
-12
Let j(s) = s**3 + 21*s**2 - 20*s + 46. Give j(-22).
2
Let v(i) = 60*i - 22. Calculate v(-1).
-82
Let c(f) = -2*f**3 + f. What is c(-2)?
14
Let x(j) = j**2 - 12*j - 8. Calculate x(11).
-19
Let l(g) = 6*g**2 + 22*g - 3. Calculate l(-5).
37
Let c(u) = -u**3 - 12*u**2 + 15*u + 11. What is c(-13)?
-15
Let b(m) = 2*m**3 + m**2 - 2*m. Give b(-2).
-8
Let f(g) = -10*g**3 + 73*g**2 - 24*g + 22. Calculate f(7).
1
Let k(a) = -a + 10. What is k(8)?
2
Let a(n) = n**2 - 12*n + 6. Determine a(9).
-21
Let u(z) = z**2 + 17*z + 62. Calculate u(-5).
2
Let g(n) = -66*n - 9. Determine g(0).
-9
Let u(r) = r**3 + 3*r**2 - 4*r + 7. What is u(-4)?
7
Let q(s) = s**3 - 4*s**2 - 3*s. Determine q(4).
-12
Let u(z) = -7*z - 3. What is u(2)?
-17
Let r(m) = -301*m + 909. Give r(3).
6
Let u(t) = -t**3 - 20*t**2 - 35*t + 17. Give u(-18).
-1
Let f(o) = -o**3 + 6*o**2 + o - 8. Give f(5).
22
Let v(p) = 17*p + 1. Determine v(-1).
-16
Let f(x) = 3*x + 72. What is f(-23)?
3
Let a(m) = 55*m**3 - 1. Give a(1).
54
Let m(l) = l**2 - 3*l - 12. Give m(0).
-12
Let u(b) = b**3 - 29*b**2 - b + 9. Calculate u(29).
-20
Let n(q) = 82*q - 4. Give n(1).
78
Let u(n) = n**3 - 7*n**2 + 2*n + 7. What is u(6)?
-17
Let d(z) = 19*z - 150. What is d(8)?
2
Let q(o) = 2*o**3 + 33*o**2 + 15*o - 13. Determine q(-16).
3
Let m(f) = f**3 + 9*f**2 - 13*f - 16. Give m(-10).
14
Let k(p) = p**3 - 31*p**2 + 54*p + 102. What is k(29)?
-14
Let b(h) = 6*h**3 + h**2 + 2*h + 1. Calculate b(-1).
-6
Let q(t) = t**2 - 11*t - 47. What is q(16)?
33
Let y(p) = -p - 19. What is y(-13)?
-6
Let j(i) = i**3 - 3*i**2 + 12*i - 83. What is j(5)?
27
Let v(s) = -2*s**2 - 39*s + 28. Calculate v(-20).
8
Let n(z) = -2*z**3 - 2*z**2 + 5*z + 4. Give n(-3).
25
Let b(t) = 2*t**2 - 4*t + 6. Give b(4).
22
Let o(c) = -9*c - 97. What is o(-12)?
11
Let d(o) = 8*o + 68. Determine d(-8).
4
Let h(b) = b + 34. Calculate h(0).
34
Let p(h) = 2*h**2 + 11*h - 7. Calculate p(6).
131
Let z(k) = -k**3 - 15*k**2 - 30*k + 8. Calculate z(-13).
60
Let s(y) = -6*y + 16. Determine s(10).
-44
Let t(n) = 6*n**2 + 5*n + 2. What is t(-3)?
41
Let t(y) = -y**3 + 7*y**2 - 6*y - 2. What is t(5)?
18
Let k(o) = -o**3 - 10*o**2 - 12*o - 17. Give k(-6).
-89
Let m(o) = 2*o**2 + 9*o - 35. Calculate m(-6).
-17
Let u(z) = 2*z**3 - 2*z + 3. Give u(-3).
-45
Let d(z) = 8*z**2 + 10*z - 23. What is d(2)?
29
Let s(q) = 4*q. Determine s(3).
12
Let n(z) = -z**3 + 5*z**2 + 8*z + 19. Calculate n(6).
31
Let y(z) = 5*z + 5. Determine y(-6).
-25
Let c(g) = 17*g**2 - 15*g - 2. What is c(3)?
106
Let m(s) = -8*s + 32. Give m(17).
-104
Let t(l) = 6*l + 17. Calculate t(3).
35
Let n(y) = -y**2 + y + 7. Calculate n(0).
7
Let f(m) = m**2 - 7*m + 5. What is f(7)?
5
Let i(s) = s**2 - 2*s - 69. Calculate i(0).
-69
Let b(k) = -32*k - 256. Calculate b(-8).
0
Let m(w) = 7*w**2 + 2*w + 2. Determine m(-1).
7
Let q(t) = -t**3 - 12*t**2 + 3*t + 25. Determine q(-12).
-11
Let q(v) = -2*v**2 + 70*v - 34. Calculate q(34).
34
Let p(w) = w**2 + 8*w - 76. Determine p(-9).
-67
Let s(o) = o**2 + 6*o - 48. Determine s(5).
7
Let i(t) = t**2 - 16*t + 14. What is i(15)?
-1
Let p(m) = 3*m - 6. What is p(2)?
0
Let c(s) = s**3 + 5*s**2 - 16*s - 21. Determine c(-7).
-7
Let n(p) = -3*p**2 + 32*p - 6. Calculate n(10).
14
Let x(r) = -r**2 + 5*r - 1. What is x(6)?
-7
Let f(k) = -k**2 - 18*k - 79. Calculate f(-9).
2
Let a(s) = s**3 - 3*s**2 - 3*s - 4. Give a(5).
31
Let m(o) = o**2 + 1. Calculate m(2).
5
Let b(m) = m**2 - 14*m + 10. Calculate b(7).
-39
Let f(l) = l**3 - 8*l**2 + 17*l - 8. Determine f(5).
2
Let o(p) = 12*p**3 + 3*p**2 - p - 1. Determine o(2).
105
Let f(b) = -2*b**2 + 45*b + 57. Calculate f(24).
-15
Let y(g) = -g**3 + 4*g**2 + 6*g - 3. Determine y(5).
2
Let m(z) = 2*z - 12. What is m(-9)?
-30
Let y(g) = -g**3 - g**2 + 4*g - 4. Give y(-4).
28
Let i(h) = h**2 - 10*h - 148. Determine i(-8).
-4
Let z(y) = -13*y**2 - 89*y + 19. Calculate z(-7).
5
Let i(g) = -10*g - 89. Give i(-15).
61
Let c(a) = 2*a - 150. Calculate c(27).
-96
Let g(a) = a**3 + 7*a**2 - 8*a + 3. Determine g(-8).
3
Let b(q) = -11*q**2 - q - 1. Calculate b(1).
-13
Let l(g) = g - 3. What is l(13)?
10
Let m(z) = -z**3 + 13*z**2 - 35*z - 1. Calculate m(4).
3
Let t(g) = -g**2 - 2*g + 96. What is t(9)?
